 + 5*u = 53, -7 = -p - 0*p + 5*u. What are the prime factors of p?
2, 3
Let s(y) = -y**2 + 3*y + 34. List the prime factors of s(7).
2, 3
Let q = -6 + 18. List the prime factors of q.
2, 3
Let q(u) = u**3 + u + 1. Let z(j) = -3*j**3 + 4*j**2 - 4*j - 7. Let v(n) = -2*q(n) - z(n). List the prime factors of v(4).
13
Suppose -4*x - k = -32, k = -2*k. Let c = -2 + x. Suppose -c = -b - b. List the prime factors of b.
3
Let z = -33 - -51. List the prime factors of z.
2, 3
Let d(q) = -7*q**3 - 6*q**2 + q + 11. What are the prime factors of d(-4)?
359
Let z(x) = 2*x - 4. Let y be z(9). Suppose -2*h = -h - y. Suppose -4*k + 4*g = -k - 13, -5*g - h = -3*k. List the prime factors of k.
3
Let z = -1 - -5. Suppose 4*a - z = 3*u, a - 4 - 4 = -u. Suppose a*j + 3*l - 29 = 0, 3*j - l - 19 = 19. List the prime factors of j.
11
Let r be -4 - (-1 + -1 - 0). List the prime factors of (205/10)/((-1)/r).
41
Suppose -4*n - 8 = -32. Suppose 0 = -3*h + 39 - n. Let o = -5 + h. List the prime factors of o.
2, 3
Let z = 168 - 136. List the prime factors of z.
2
Let f(c) = 7*c. Let i be f(-2). Let z = i - -20. List the prime factors of z.
2, 3
Let b(f) = -3*f + 6. Let l be b(5). Let t be (-1)/3 - 4/6. Let s = t - l. What are the prime factors of s?
2
Let u(f) = f**3 - 5*f**2 + 7*f - 7. List the prime factors of u(5).
2, 7
Let c = -4 - -6. Suppose 24 = u + c*u. What are the prime factors of u?
2
Suppose -2*g - 2*g = -36. List the prime factors of 388/36 - (-2)/g.
11
Suppose 6*j - 7*j + 68 = 0. What are the prime factors of j?
2, 17
Let t = 383 + -196. What are the prime factors of t?
11, 17
Let g = 19 - -28. List the prime factors of g.
47
Let t be 4*(-1 + 13/4). Let f be (t/3)/(1 + 2). What are the prime factors of 9*3*f/3?
3
Let r(n) = -n**3 - 12*n**2 - 6*n - 19. List the prime factors of r(-13).
2, 3, 19
Suppose 2*v = -2*v - 24. List the prime factors of (-23)/(-2) + 3/v.
11
Suppose 5*m + z - 45 = 0, 4*m + 2*z - 27 = 15. Suppose m = 2*j, 0*o + 3*j - 72 = -4*o. List the prime factors of o.
3, 5
What are the prime factors of 7/((-21)/(-66))*10/4?
5, 11
Let v(x) = 9*x**3 - 2*x**2 - x + 2. Let j be v(-2). Let b = 106 + j. List the prime factors of b.
2, 3, 5
Let v(t) = -t**2 - 3*t + 1. Suppose -5*r = 5*y + 20, -5*r + 2 - 10 = -y. Let z be v(y). Suppose z*b = -0*b + 6. What are the prime factors of b?
2
Let x be -2 - (-5)/1*1. Suppose -x*b + 244 = b. Suppose -b = -4*t - s, -2*t - s + 12 = -21. What are the prime factors of t?
2, 7
Suppose -3*u - 20 = 2*w, u + 9 = -5*w - 15. Let i(p) = -p**3 - 4*p**2 - 3*p. What are the prime factors of i(u)?
2, 3
Let y = -1 - -115. What are the prime factors of y?
2, 3, 19
Let t(f) = f**2 + 10*f + 12. Let d be (-8)/(-36) + (-92)/9. List the prime factors of t(d).
2, 3
Suppose 0 = -2*o - p + 9 + 42, -59 = -3*o + 2*p. List the prime factors of o + -3 + (-18)/(-3).
2, 13
Let s = -70 + 325. List the prime factors of s.
3, 5, 17
Suppose -3*o = -74 - 655. What are the prime factors of o?
3
Let l = 6 + -4. Let v be (28/(-16))/(l/(-8)). Suppose -2*y = -v*y + 45. List the prime factors of y.
3
Suppose -3*i + 4*y + 90 = 0, -5*i + 3*y + 92 + 47 = 0. Suppose -2*b + 0*g = -g - 57, -b + g = -i. List the prime factors of b.
31
Let p(b) = -b**3 - b**2 - 2*b + 2. List the prime factors of p(-3).
2, 13
Let m = -70 + 73. Suppose -5 + 2 = -3*i. What are the prime factors of m - ((-2)/i + 3)?
2
Let o(d) = d**2 + 7*d + 8. Let l be o(-6). Suppose -l = h - 7. What are the prime factors of h?
5
List the prime factors of 211 - (2 - -2 - 1).
2, 13
Suppose -3*o = -337 + 94. List the prime factors of o.
3
Let g = -10 + 14. Let w(v) = v**3 - 4*v**2 + 3*v - 5. What are the prime factors of w(g)?
7
Suppose -2*k - p + 2 = 3*p, 0 = -4*k + p + 13. What are the prime factors of k?
3
Let v = -9 + 9. What are the prime factors of 57/((-9)/(-3)) + v?
19
Let t(a) = -a**3 - 13*a**2 - 17*a - 17. What are the prime factors of t(-12)?
43
Let u(o) = o**3 - 5*o**2 + 6*o - 5. Let z be u(4). Let n = -1 + z. Suppose -5*s + 48 = h, 4 = -3*h - n. What are the prime factors of s?
2, 5
Let j(b) be the second derivative of -b**4/12 - 7*b**3/3 + b**2 - b. What are the prime factors of j(-11)?
5, 7
Let n(t) = 10*t**2 - 3*t - 1. Let l be n(-3). Suppose -l = -3*j - 4*c, 10 + 11 = j - c. What are the prime factors of j?
2, 13
Let n = 16 + 1. What are the prime factors of n?
17
Suppose -y - 83 = -0*y. Let v = y + 126. Suppose 3*h = -1 + v. What are the prime factors of h?
2, 7
List the prime factors of (6 + -4 - -2) + 30.
2, 17
Let c(w) = 6*w**2 + 1. Let d = 2 + 0. List the prime factors of c(d).
5
Let v(t) = t**2 + 1. Let z(u) = 27*u**2 + u + 1. Let x(y) = -2*v(y) + z(y). What are the prime factors of x(1)?
5
Let j = 72 + -47. Suppose -3*n + 8*y - 3*y = -j, 5*y = 2*n - 25. Suppose n = 5*g - 15, -3*g = -5*q - 3 + 9. What are the prime factors of q?
3
Suppose -635 = -5*y + u, 0 = 3*y + 5*u - 393 + 12. What are the prime factors of y?
127
Let n be (0 + -1)/((-9)/36). Suppose n*k = -0*k + 32. What are the prime factors of k?
2
Suppose q - 2 = -4, -f - 2*q = -60. What are the prime factors of f?
2
What are the prime factors of (4/3)/(6/(-3))*-285?
2, 5, 19
Let i = -2 - -3. Let y = 5 - i. Suppose 3*u + 3*s - 33 = -2*s, 73 = y*u - 3*s. What are the prime factors of u?
2
Suppose -2*v + 3*z - 37 = 0, 57 = -5*v + z - 42. Let t be ((-6)/4)/(5/v). Let n = 11 - t. What are the prime factors of n?
5
Suppose 2 = g + 3. Let q = 22 + g. What are the prime factors of q?
3, 7
Suppose 3*z + 0*o - 33 = -5*o, o = z - 19. What are the prime factors of z?
2
Suppose 4*m + 1 = 5. Suppose 2*a - m = 21. What are the prime factors of a?
11
Suppose 3*j = -0*j - 66. Let n = -11 - j. List the prime factors of n.
11
Let s(x) = x**2 + 2*x. Let t be s(0). Suppose t = -3*z + 3 + 3. List the prime factors of z.
2
Let v(k) = k**3 - 2*k**2 + 2*k + 2. Let r be v(2). Let f(x) = -x - 2. Let i be f(-8). List the prime factors of r/(-18) + 14/i.
2
Suppose 17*t + 791 = 24*t. List the prime factors of t.
113
Let w = 196 + -107. List the prime factors of w.
89
What are the prime factors of 2/3 + 73/3?
5
Let v(f) be the first derivative of f**4/4 - 13*f**3/3 + 7*f**2 - 18*f + 3. Let c be v(12). Suppose c = n - 9. What are the prime factors of n?
3, 5
Suppose -2*u = 2*u - 4*o + 20, 2*u - o = -11. What are the prime factors of (8/12)/(u/(-153))?
17
Let d = -7 - -9. Suppose -5*v = -3*v - 5*p - 17, d*p = -4*v + 46. List the prime factors of v.
11
Suppose 4*i = -2*p + 9 + 63, 5*p = -i. What are the prime factors of i?
2, 5
Let w = 164 - 101. List the prime factors of w.
3, 7
Suppose -2*n + 12 = n. Suppose 2*a = 4, -n*a + 26 + 20 = 2*u. What are the prime factors of u?
19
Suppose 0*q = -5*u + 3*q + 11, 2 = 4*u + q. Suppose 2*c + u = 9. List the prime factors of c.
2
Let j = 0 + 2. Suppose 0 = x + 2*m + j, 3*m - 1 = -5*x + 4*m. Suppose -2*g - g + 27 = x. What are the prime factors of g?
3
Let z(t) = -4*t + 1 - 3*t**2 + 4*t**2 + 5*t - 3*t**3. Let i be z(-1). Let p(g) = g**3 - 2*g**2 - 4*g - 5. What are the prime factors of p(i)?
11
Let u = 129 - 83. Suppose -5*j = 4*o - u, 0 = 5*o + 2*j - 7*j - 80. List the prime factors of o.
2, 7
Let s(k) = -2*k + 5. Let c = 1 + -1. Suppose -r - 4 = 2*w, c*w = 2*r + 5*w + 8. List the prime factors of s(r).
13
Let j be (-9)/(3/(28 - 1)). List the prime factors of j/(-18) - (-1)/(-2).
2
Suppose 3*m = -4*r + 22, m - 2*r - 2 = 12. Suppose f - 12 = -u, m = u + 5*f + 2. What are the prime factors of u?
13
Suppose -1 = 4*y - 3*v + 2*v, -v = -2*y - 3. Suppose -3*i + 2 = -y. Let g = i - -2. What are the prime factors of g?
3
Let n = -3 - -5. Suppose -5*v + 4 = n*z, -2*z = -5*v - 3 - 1. What are the prime factors of z?
2
Let g(h) = 1 + 3 - h + 0*h. Let x be g(6). List the prime factors of x/4*(-15 - -1).
7
Let v(w) = w**3 + 19*w**2 + 25*w - 3. List the prime factors of v(-17).
2, 3, 5
Let u = -90 + 160. Suppose 15 = 5*j - u. List the prime factors of j.
17
Suppose 4*k = y - 8, k - 6 = -2*y + 1. Suppose 0 = -5*w + 2*x + 70, 4*w - y*x - 44 = -0*w. What are the prime factors of w?
2
Let j(o) = 5*o. Let i be j(1). Suppose -4*a + 2*d + 106 = 0, -i*a - 2*d = 2*d - 165. Let g = -14 + a. What are the prime factors of g?
3, 5
Let x(g) = 0*g**2 + 5 + 2*g - 3 + g**2. Let p be x(-3). Let k = 10 + p. List the prime factors of k.
3, 5
Supp